e greatest common factor of 188 and 16.
4
What is the greatest common factor of 3782 and 62?
62
What is the highest common divisor of 1196 and 1380?
92
What is the greatest common divisor of 120 and 56?
8
Calculate the highest common divisor of 11 and 1518.
11
Calculate the greatest common divisor of 30 and 495.
15
What is the greatest common factor of 3380 and 13?
13
What is the greatest common factor of 636 and 212?
212
Calculate the greatest common divisor of 49 and 7.
7
Calculate the greatest common divisor of 44 and 2284.
4
What is the greatest common factor of 2806 and 46?
46
What is the greatest common factor of 168 and 876?
12
Calculate the greatest common factor of 80 and 310.
10
Calculate the greatest common divisor of 2263 and 146.
73
Calculate the highest common divisor of 1 and 5.
1
What is the greatest common divisor of 1349 and 323?
19
What is the highest common divisor of 78 and 87594?
78
Calculate the greatest common factor of 270 and 5346.
54
What is the greatest common divisor of 500 and 1200?
100
Calculate the greatest common factor of 67 and 268.
67
What is the highest common divisor of 60 and 100?
20
What is the highest common divisor of 14 and 56462?
14
Calculate the highest common divisor of 330 and 120.
30
What is the highest common factor of 358 and 2?
2
Calculate the greatest common divisor of 441 and 99.
9
What is the highest common divisor of 1350 and 9?
9
Calculate the highest common factor of 22 and 2475.
11
Calculate the greatest common factor of 90 and 126.
18
Calculate the highest common factor of 22 and 6182.
22
What is the highest common factor of 32 and 144?
16
Calculate the highest common divisor of 24 and 80.
8
Calculate the highest common divisor of 161 and 14.
7
What is the highest common divisor of 1705 and 330?
55
What is the greatest common divisor of 29 and 29?
29
What is the greatest common factor of 60 and 108?
12
Calculate the greatest common factor of 2849 and 55.
11
Calculate the greatest common divisor of 1606 and 12994.
146
What is the greatest common divisor of 133 and 893?
19
What is the greatest common divisor of 18 and 2520?
18
Calculate the greatest common factor of 36 and 45.
9
Calculate the highest common divisor of 288 and 32.
32
What is the greatest common factor of 19 and 17689?
19
What is the highest common divisor of 13 and 3419?
13
What is the highest common factor of 2409 and 33?
33
Calculate the highest common factor of 102 and 12.
6
What is the greatest common divisor of 182 and 84?
14
Calculate the greatest common factor of 47104 and 368.
368
What is the greatest common divisor of 50 and 20?
10
What is the highest common divisor of 44 and 52?
4
Calculate the greatest common divisor of 304 and 190.
38
Calculate the highest common divisor of 1370 and 90.
10
What is the greatest common divisor of 279 and 744?
93
What is the highest common divisor of 25 and 175?
25
What is the highest common factor of 114 and 304?
38
What is the greatest common divisor of 12 and 6?
6
Calculate the greatest common factor of 2464 and 88.
88
What is the greatest common divisor of 255 and 78030?
255
What is the greatest common divisor of 2254 and 92?
46
Calculate the highest common factor of 56 and 84.
28
Calculate the highest common factor of 147 and 5397.
21
Calculate the highest common divisor of 21065 and 110.
55
Calculate the greatest common factor of 4433 and 155.
31
Calculate the greatest common factor of 26 and 26.
26
What is the greatest common divisor of 112 and 343?
7
What is the greatest common factor of 10 and 285?
5
Calculate the greatest common divisor of 28 and 812.
28
What is the highest common divisor of 10795 and 127?
127
Calculate the highest common factor of 656 and 32.
16
Calculate the greatest common divisor of 1 and 362.
1
What is the greatest common divisor of 456 and 247?
19
Calculate the greatest common factor of 250 and 625.
125
Calculate the greatest common factor of 54 and 306.
18
What is the highest common divisor of 10 and 395?
5
Calculate the highest common factor of 36 and 1212.
12
Calculate the greatest common factor of 85 and 34.
17
Calculate the highest common factor of 102 and 4777.
17
What is the greatest common factor of 31 and 961?
31
Calculate the highest common factor of 178 and 1.
1
What is the highest common divisor of 36 and 2916?
36
Calculate the highest common divisor of 448 and 24.
8
What is the greatest common divisor of 704 and 6644?
44
What is the greatest common divisor of 28 and 700?
28
What is the greatest common factor of 16 and 104?
8
Calculate the greatest common factor of 170 and 70.
10
Calculate the greatest common divisor of 129 and 2666.
43
Calculate the greatest common divisor of 328 and 344.
8
What is the greatest common divisor of 27572 and 976?
244
What is the highest common divisor of 92 and 9292?
92
Calculate the greatest common divisor of 912 and 18.
6
Calculate the highest common factor of 5 and 36.
1
What is the highest common divisor of 630 and 6174?
126
Calculate the greatest common divisor of 972 and 180.
36
Calculate the highest common factor of 70 and 30.
10
Calculate the greatest common factor of 35 and 126.
7
What is the greatest common factor of 12 and 12?
12
Calculate the greatest common factor of 864 and 36.
36
Calculate the highest common factor of 11 and 43560.
11
What is the highest common divisor of 17 and 1037?
17
Calculate the highest common divisor of 611 and 47.
47
Calculate the greatest common factor of 16 and 216.
8
Calculate the greatest common factor of 70 and 110.
10
Calculate the greatest common factor of 74 and 1258.
74
What is the highest common divisor of 10 and 20890?
10
Calculate the greatest common divisor of 67 and 10251.
67
Calculate the highest common factor of 22 and 22.
22
Calculate the greatest common factor of 54 and 9774.
54
What is the greatest common factor of 221 and 272?
17
Calculate the greatest common divisor of 350 and 1190.
70
Calculate the highest common factor of 63 and 343.
7
What is the greatest common divisor of 101 and 3737?
101
What is the greatest common factor of 1242 and 1620?
54
Calculate the greatest common factor of 33 and 3.
3
Calculate the highest common divisor of 144 and 108.
36
Calculate the greatest common divisor of 234 and 882.
18
What is the highest common factor of 1106 and 14?
14
What is the highest common factor of 104 and 96?
8
Calculate the greatest common factor of 42 and 686.
14
What is the greatest common divisor of 4669 and 1421?
203
Calculate the highest common factor of 111 and 1036.
37
What is the highest common divisor of 12 and 1376?
4
What is the highest common divisor of 7973 and 119?
119
Calculate the greatest common divisor of 210 and 18.
6
What is the greatest common divisor of 589 and 133?
19
Calculate the highest common divisor of 74 and 259.
37
Calculate the greatest common factor of 14 and 1442.
14
What is the highest common divisor of 4 and 928?
4
What is the greatest common divisor of 1 and 2293?
1
What is the highest common factor of 111 and 6?
3
Calculate the greatest common divisor of 90 and 45.
45
Calculate the highest common divisor of 19155 and 15.
15
Calculate the highest common divisor of 2 and 1.
1
What is the greatest common divisor of 3 and 303?
3
What is the greatest common factor of 545 and 2943?
109
What is the highest common factor of 2107 and 43?
43
Calculate the highest common factor of 192 and 24.
24
Calculate the greatest common factor of 1479 and 51.
51
Calculate the greatest common divisor of 6846 and 28.
14
Calculate the greatest common divisor of 7 and 119.
7
What is the greatest common factor of 1953 and 14787?
279
Calculate the highest common factor of 2 and 58.
2
What is the greatest common divisor of 9 and 43?
1
What is the highest common divisor of 185 and 4662?
37
Calculate the greatest common divisor of 365 and 10.
5
What is the highest common divisor of 30 and 15?
15
Calculate the highest common factor of 7987 and 49.
49
What is the greatest common divisor of 77 and 55?
11
What is the greatest common factor of 148 and 3959?
37
What is the greatest common factor of 416 and 26?
26
What is the highest common factor of 201 and 1273?
67
What is the greatest common divisor of 400 and 440?
40
Calculate the grea